[INFO] fetching crate macro_tt_utils 0.1.9...
[INFO] building macro_tt_utils-0.1.9 against master#ff34b919075f35a1787659e9c448a34b06bab8de for issue-85264
[INFO] extracting crate macro_tt_utils 0.1.9 into /workspace/builds/worker-13/source
[INFO] validating manifest of crates.io crate macro_tt_utils 0.1.9 on toolchain ff34b919075f35a1787659e9c448a34b06bab8de
[INFO] running `Command { std: "/workspace/cargo-home/bin/cargo" "+ff34b919075f35a1787659e9c448a34b06bab8de" "metadata" "--manifest-path" "Cargo.toml" "--no-deps", kill_on_drop: false }`
[INFO] started tweaking crates.io crate macro_tt_utils 0.1.9
[INFO] finished tweaking crates.io crate macro_tt_utils 0.1.9
[INFO] tweaked toml for crates.io crate macro_tt_utils 0.1.9 written to /workspace/builds/worker-13/source/Cargo.toml
[INFO] running `Command { std: "/workspace/cargo-home/bin/cargo" "+ff34b919075f35a1787659e9c448a34b06bab8de" "generate-lockfile" "--manifest-path" "Cargo.toml" "-Zno-index-update", kill_on_drop: false }`
[INFO] running `Command { std: "/workspace/cargo-home/bin/cargo" "+ff34b919075f35a1787659e9c448a34b06bab8de" "fetch" "--manifest-path" "Cargo.toml", kill_on_drop: false }`
[INFO] running `Command { std: "docker" "create" "-v" "/var/lib/crater-agent-workspace/builds/worker-13/target:/opt/rustwide/target:rw,Z" "-v" "/var/lib/crater-agent-workspace/builds/worker-13/source:/opt/rustwide/workdir:ro,Z" "-v" "/var/lib/crater-agent-workspace/cargo-home:/opt/rustwide/cargo-home:ro,Z" "-v" "/var/lib/crater-agent-workspace/rustup-home:/opt/rustwide/rustup-home:ro,Z" "-e" "SOURCE_DIR=/opt/rustwide/workdir" "-e" "CARGO_TARGET_DIR=/opt/rustwide/target" "-e" "CARGO_HOME=/opt/rustwide/cargo-home" "-e" "RUSTUP_HOME=/opt/rustwide/rustup-home" "-w" "/opt/rustwide/workdir" "-m" "1610612736" "--user" "0:0" "--network" "none" "ghcr.io/rust-lang/crates-build-env/linux@sha256:20528e8c29e4536546f0102ce88568b16ea7538393a33fcca951030f7af10457" "/opt/rustwide/cargo-home/bin/cargo" "+ff34b919075f35a1787659e9c448a34b06bab8de" "metadata" "--no-deps" "--format-version=1", kill_on_drop: false }`
[INFO] [stdout] e4178e50c80e399b1f4b4c58322ae7037ecf32e3c1cffd939892218f3f8fa1f0
[INFO] [stderr] WARNING: Your kernel does not support swap limit capabilities or the cgroup is not mounted. Memory limited without swap.
[INFO] running `Command { std: "docker" "start" "-a" "e4178e50c80e399b1f4b4c58322ae7037ecf32e3c1cffd939892218f3f8fa1f0", kill_on_drop: false }`
[INFO] running `Command { std: "docker" "inspect" "e4178e50c80e399b1f4b4c58322ae7037ecf32e3c1cffd939892218f3f8fa1f0", kill_on_drop: false }`
[INFO] running `Command { std: "docker" "rm" "-f" "e4178e50c80e399b1f4b4c58322ae7037ecf32e3c1cffd939892218f3f8fa1f0", kill_on_drop: false }`
[INFO] [stdout] e4178e50c80e399b1f4b4c58322ae7037ecf32e3c1cffd939892218f3f8fa1f0
[INFO] running `Command { std: "docker" "create" "-v" "/var/lib/crater-agent-workspace/builds/worker-13/target:/opt/rustwide/target:rw,Z" "-v" "/var/lib/crater-agent-workspace/builds/worker-13/source:/opt/rustwide/workdir:ro,Z" "-v" "/var/lib/crater-agent-workspace/cargo-home:/opt/rustwide/cargo-home:ro,Z" "-v" "/var/lib/crater-agent-workspace/rustup-home:/opt/rustwide/rustup-home:ro,Z" "-e" "SOURCE_DIR=/opt/rustwide/workdir" "-e" "CARGO_TARGET_DIR=/opt/rustwide/target" "-e" "CARGO_INCREMENTAL=0" "-e" "RUST_BACKTRACE=full" "-e" "RUSTFLAGS=--cap-lints=forbid" "-e" "CARGO_HOME=/opt/rustwide/cargo-home" "-e" "RUSTUP_HOME=/opt/rustwide/rustup-home" "-w" "/opt/rustwide/workdir" "-m" "1610612736" "--user" "0:0" "--network" "none" "ghcr.io/rust-lang/crates-build-env/linux@sha256:20528e8c29e4536546f0102ce88568b16ea7538393a33fcca951030f7af10457" "/opt/rustwide/cargo-home/bin/cargo" "+ff34b919075f35a1787659e9c448a34b06bab8de" "build" "--frozen" "--message-format=json", kill_on_drop: false }`
[INFO] [stdout] 78bf497633c42dae20c9ba348d4ca9f10c9c01e0d91d11262a1646f3b6933f20
[INFO] [stderr] WARNING: Your kernel does not support swap limit capabilities or the cgroup is not mounted. Memory limited without swap.
[INFO] running `Command { std: "docker" "start" "-a" "78bf497633c42dae20c9ba348d4ca9f10c9c01e0d91d11262a1646f3b6933f20", kill_on_drop: false }`
[INFO] [stderr]    Compiling goto v0.1.2
[INFO] [stderr]    Compiling macro_tt_utils v0.1.9 (/opt/rustwide/workdir)
[INFO] [stdout] error[E0658]: trait bounds other than `Sized` on const fn parameters are unstable
[INFO] [stdout]   --> src/proc_macro_fn/diag.rs:47:6
[INFO] [stdout]    |
[INFO] [stdout] 47 | impl<I> DecodeDiagToken<I> where I: Iterator<Item = TokenTree> {
[INFO] [stdout]    |      ^
[INFO] [stdout]    |
[INFO] [stdout]    = note: see issue #57563 <https://github.com/rust-lang/rust/issues/57563> for more information
[INFO] [stdout]    = help: add `#![feature(const_fn_trait_bound)]` to the crate attributes to enable
[INFO] [stdout] 
[INFO] [stdout] 
[INFO] [stdout] error[E0658]: trait bounds other than `Sized` on const fn parameters are unstable
[INFO] [stdout]   --> src/proc_macro_fn/tt_ident.rs:34:6
[INFO] [stdout]    |
[INFO] [stdout] 34 | impl<Itt> DecodeTTIFIdentToken<Itt> where Itt: Iterator<Item = TokenTree> {
[INFO] [stdout]    |      ^^^
[INFO] [stdout]    |
[INFO] [stdout]    = note: see issue #57563 <https://github.com/rust-lang/rust/issues/57563> for more information
[INFO] [stdout]    = help: add `#![feature(const_fn_trait_bound)]` to the crate attributes to enable
[INFO] [stdout] 
[INFO] [stdout] 
[INFO] [stdout] error[E0658]: trait bounds other than `Sized` on const fn parameters are unstable
[INFO] [stdout]   --> src/diagnostics/throw_error.rs:13:6
[INFO] [stdout]    |
[INFO] [stdout] 13 | impl<S, I> ThrowErr<S, I> where S: SpanElement, I: Into<String> + Debug {
[INFO] [stdout]    |      ^
[INFO] [stdout]    |
[INFO] [stdout]    = note: see issue #57563 <https://github.com/rust-lang/rust/issues/57563> for more information
[INFO] [stdout]    = help: add `#![feature(const_fn_trait_bound)]` to the crate attributes to enable
[INFO] [stdout] 
[INFO] [stdout] 
[INFO] [stdout] error[E0658]: trait bounds other than `Sized` on const fn parameters are unstable
[INFO] [stdout]   --> src/diagnostics/throw_error.rs:13:9
[INFO] [stdout]    |
[INFO] [stdout] 13 | impl<S, I> ThrowErr<S, I> where S: SpanElement, I: Into<String> + Debug {
[INFO] [stdout]    |         ^
[INFO] [stdout]    |
[INFO] [stdout]    = note: see issue #57563 <https://github.com/rust-lang/rust/issues/57563> for more information
[INFO] [stdout]    = help: add `#![feature(const_fn_trait_bound)]` to the crate attributes to enable
[INFO] [stdout] 
[INFO] [stdout] 
[INFO] [stdout] error[E0658]: trait bounds other than `Sized` on const fn parameters are unstable
[INFO] [stdout]   --> src/diagnostics/throw_warning.rs:13:6
[INFO] [stdout]    |
[INFO] [stdout] 13 | impl<S, I> ThrowWarning<S, I> where S: SpanElement, I: Into<String> + Debug {
[INFO] [stdout]    |      ^
[INFO] [stdout]    |
[INFO] [stdout]    = note: see issue #57563 <https://github.com/rust-lang/rust/issues/57563> for more information
[INFO] [stdout]    = help: add `#![feature(const_fn_trait_bound)]` to the crate attributes to enable
[INFO] [stdout] 
[INFO] [stdout] 
[INFO] [stdout] error[E0658]: trait bounds other than `Sized` on const fn parameters are unstable
[INFO] [stdout]   --> src/diagnostics/throw_warning.rs:13:9
[INFO] [stdout]    |
[INFO] [stdout] 13 | impl<S, I> ThrowWarning<S, I> where S: SpanElement, I: Into<String> + Debug {
[INFO] [stdout]    |         ^
[INFO] [stdout]    |
[INFO] [stdout]    = note: see issue #57563 <https://github.com/rust-lang/rust/issues/57563> for more information
[INFO] [stdout]    = help: add `#![feature(const_fn_trait_bound)]` to the crate attributes to enable
[INFO] [stdout] 
[INFO] [stdout] 
[INFO] [stdout] error[E0658]: trait bounds other than `Sized` on const fn parameters are unstable
[INFO] [stdout]   --> src/diagnostics/throw_note.rs:13:6
[INFO] [stdout]    |
[INFO] [stdout] 13 | impl<S, I> ThrowNote<S, I> where S: SpanElement, I: Into<String> + Debug {
[INFO] [stdout]    |      ^
[INFO] [stdout]    |
[INFO] [stdout]    = note: see issue #57563 <https://github.com/rust-lang/rust/issues/57563> for more information
[INFO] [stdout]    = help: add `#![feature(const_fn_trait_bound)]` to the crate attributes to enable
[INFO] [stdout] 
[INFO] [stdout] 
[INFO] [stdout] error[E0658]: trait bounds other than `Sized` on const fn parameters are unstable
[INFO] [stdout]   --> src/diagnostics/throw_note.rs:13:9
[INFO] [stdout]    |
[INFO] [stdout] 13 | impl<S, I> ThrowNote<S, I> where S: SpanElement, I: Into<String> + Debug {
[INFO] [stdout]    |         ^
[INFO] [stdout]    |
[INFO] [stdout]    = note: see issue #57563 <https://github.com/rust-lang/rust/issues/57563> for more information
[INFO] [stdout]    = help: add `#![feature(const_fn_trait_bound)]` to the crate attributes to enable
[INFO] [stdout] 
[INFO] [stdout] 
[INFO] [stdout] error[E0658]: trait bounds other than `Sized` on const fn parameters are unstable
[INFO] [stdout]   --> src/diagnostics/throw_help.rs:13:6
[INFO] [stdout]    |
[INFO] [stdout] 13 | impl<S, I> ThrowHelp<S, I> where S: SpanElement, I: Into<String> + Debug {
[INFO] [stdout]    |      ^
[INFO] [stdout]    |
[INFO] [stdout]    = note: see issue #57563 <https://github.com/rust-lang/rust/issues/57563> for more information
[INFO] [stdout]    = help: add `#![feature(const_fn_trait_bound)]` to the crate attributes to enable
[INFO] [stdout] 
[INFO] [stdout] 
[INFO] [stdout] error[E0658]: trait bounds other than `Sized` on const fn parameters are unstable
[INFO] [stdout]   --> src/diagnostics/throw_help.rs:13:9
[INFO] [stdout]    |
[INFO] [stdout] 13 | impl<S, I> ThrowHelp<S, I> where S: SpanElement, I: Into<String> + Debug {
[INFO] [stdout]    |         ^
[INFO] [stdout]    |
[INFO] [stdout]    = note: see issue #57563 <https://github.com/rust-lang/rust/issues/57563> for more information
[INFO] [stdout]    = help: add `#![feature(const_fn_trait_bound)]` to the crate attributes to enable
[INFO] [stdout] 
[INFO] [stdout] 
[INFO] [stdout] error[E0658]: trait bounds other than `Sized` on const fn parameters are unstable
[INFO] [stdout]   --> src/data/if_args/block.rs:55:6
[INFO] [stdout]    |
[INFO] [stdout] 55 | impl<A, T> UniversalArgBlock<A, T> where A: PartialEq<T> {
[INFO] [stdout]    |      ^
[INFO] [stdout]    |
[INFO] [stdout]    = note: see issue #57563 <https://github.com/rust-lang/rust/issues/57563> for more information
[INFO] [stdout]    = help: add `#![feature(const_fn_trait_bound)]` to the crate attributes to enable
[INFO] [stdout] 
[INFO] [stdout] 
[INFO] [stdout] error[E0658]: trait bounds other than `Sized` on const fn parameters are unstable
[INFO] [stdout]   --> src/data/recursion_buffer.rs:27:6
[INFO] [stdout]    |
[INFO] [stdout] 27 | impl<I, T> RecursionBuffer<I, T> where I: Iterator<Item = T> {
[INFO] [stdout]    |      ^
[INFO] [stdout]    |
[INFO] [stdout]    = note: see issue #57563 <https://github.com/rust-lang/rust/issues/57563> for more information
[INFO] [stdout]    = help: add `#![feature(const_fn_trait_bound)]` to the crate attributes to enable
[INFO] [stdout] 
[INFO] [stdout] 
[INFO] [stdout] error: aborting due to 12 previous errors
[INFO] [stdout] 
[INFO] [stdout] 
[INFO] [stdout] For more information about this error, try `rustc --explain E0658`.
[INFO] [stdout] 
[INFO] [stderr] error: could not compile `macro_tt_utils`
[INFO] [stderr] 
[INFO] [stderr] To learn more, run the command again with --verbose.
[INFO] running `Command { std: "docker" "inspect" "78bf497633c42dae20c9ba348d4ca9f10c9c01e0d91d11262a1646f3b6933f20", kill_on_drop: false }`
[INFO] running `Command { std: "docker" "rm" "-f" "78bf497633c42dae20c9ba348d4ca9f10c9c01e0d91d11262a1646f3b6933f20", kill_on_drop: false }`
[INFO] [stdout] 78bf497633c42dae20c9ba348d4ca9f10c9c01e0d91d11262a1646f3b6933f20
